ue
Suppose 0*y = 3*y + 3. Let o be 5*5/25 + 43. Is (((-5)/2)/y)/(2/o) a prime number?
False
Let o = -438 - 678. Let i = 97 - o. Is i a composite number?
False
Let s(r) = 94*r**2 + 69*r - 356. Is s(-45) a prime number?
True
Suppose 6192511 = 266*m - 35822455. Is m composite?
False
Let c(o) = o**3 - 13*o**2 + 10*o - 26. Let v be c(12). Let i be (5/(v/(-184)))/((-4)/(-60)). Suppose -7*d + i + 305 = 0. Is d a composite number?
False
Suppose 0 = -2*z + 3*g - 4*g + 7, 0 = -z + g + 5. Suppose x = z*x + 54. Is (-14190)/x - (-4)/(-3) a composite number?
False
Suppose 5*w = 171 - 156. Is 0 + ((-5)/w)/((-2)/4722) a composite number?
True
Is (-59247566)/(-196) + 3/2 a composite number?
True
Suppose 6*a - 6816520 = -34*a. Is a a composite number?
False
Is (-6)/(-27) - ((-2462314)/(-153))/(-2) prime?
False
Suppose 0 = 6*n + 9*n + 86325. Let c = -1764 - n. Is c a prime number?
False
Let s = 78 - 75. Suppose 5*l - 2*v = 760, 2*l - s*l + 2*v + 144 = 0. Suppose -l = -o + 120. Is o prime?
False
Let o = -453 - -190. Let c = 869 - o. Let i = c + -751. Is i prime?
False
Suppose -n = -3*o - 30728, 0 = -n + 2*o + 31944 - 1215. Let i = n + -3768. Is i a prime number?
False
Suppose 4*k - 21 = -3*s, 4*s - 3*k + 5*k = 18. Suppose -s*w + 5 = 4*p, -w - 40 = -3*p + 4*w. Let o(v) = 4*v**3 - v**2 + 4. Is o(p) a composite number?
False
Suppose 831*o - 1022025 = 806*o. Is o a composite number?
True
Let f(w) = 30*w**3 + 22*w**2 - 2*w - 6. Let b be f(-10). Let g = 44797 + b. Is g composite?
False
Let a(k) = 3*k**3 + 6*k**2 + 4*k - 2. Let s be a(-3). Let y = 47 + s. Suppose 7*w = y*w + 69. Is w a prime number?
False
Let c be (1/2)/(5/(-1 + 151)). Let w(t) = t**2 - 6*t - 1. Let g be w(5). Is (-2230)/c*9/g composite?
False
Let y(m) = -16*m**2 + 11*m + 10. Let z be y(-4). Let l = z + 802. Suppose 3*o = 2*u - l, -o = u - 0*o - 251. Is u a composite number?
True
Let m be (-1 + 2)*((0 - -2) + -1). Is (-513738)/(-8) + m/(-4) a composite number?
False
Let r be 0 + 296278/3 - (-34)/51. Is (3 + r/(-32))*-4 a prime number?
False
Let h = -48 - -48. Let p(u) = -2*u**2 + u + 5877. Let s be p(h). Is 6/9*s/2 a composite number?
True
Let o be (72/(-30))/((-3)/(-10)). Is o + 6 - 4/((-12)/243) composite?
False
Let g(u) = 16*u**3 - 77*u**2 - 83*u - 991. Is g(58) prime?
False
Suppose 1457739 = 5*y + 71*q - 67*q, 0 = -y + q + 291546. Is y a prime number?
True
Let z(p) be the second derivative of -29/2*p**2 + 5/12*p**4 + 11*p - 11/6*p**3 + 0. Is z(13) a prime number?
True
Suppose 3*f = 5*x - 42, x - 4*f - 14 = -x. Suppose -3*g + x*g = -36. Let l(d) = -3*d**3 - 3*d**2 - 12*d - 19. Is l(g) a composite number?
False
Let b(t) = t**2 - 2*t + 3118. Let f be b(0). Let s = 2887 + f. Is s prime?
False
Is (1/(-3))/(428/(-718823004)) a composite number?
False
Let n(k) = k - 2 - 457*k**3 + 3*k**2 + k + 0*k - 127*k**3. Is n(-3) a composite number?
False
Let z = -17152 - -25421. Is z a composite number?
False
Suppose -29*b + 15739781 = 24*b. Is b composite?
True
Let m be (36/4)/(-3) + 5. Suppose 30 = m*d - 0*d + 2*c, c + 21 = 2*d. Suppose -2*v - 2*v - d = 0, -4*k + 2*v + 2810 = 0. Is k prime?
True
Let v be (-2)/(-5) - 1782/55. Let u = v - -31. Is (6/(-4))/u*5028/18 a prime number?
True
Let x = -104 + 108. Suppose 5*f + 5*j = 16630, 2*f - x*j - 5117 = 1565. Is f a prime number?
True
Let g = -45053 - -85552. Is g a prime number?
True
Let m be (-1 + (-47255)/(-25))/(3/45). Let g = 42245 - m. Is g a composite number?
False
Suppose -9*n + 3*t = -8*n - 13743, 0 = 4*n - 3*t - 54981. Let s = n - 4979. Is s a prime number?
False
Suppose 0 = -36*j + 93*j - 2344581. Is j a prime number?
False
Let c(u) = 202*u**2 + 5*u - 738. Is c(31) a composite number?
True
Suppose 0 = -85*k + 43952 + 175835 + 4453258. Is k a prime number?
False
Let o = 148579 - 85832. Is o prime?
False
Suppose 3*i = 2*o - 17104, 5*o - 3*o - 5*i = 17108. Suppose 0 = -2*v + 1661 + o. Is v composite?
True
Suppose -250*n + 937864 = -242*n. Is n composite?
True
Suppose -2*f = -f - 3. Let y(i) = -f*i - 14 - 47*i + 17*i. Is y(-3) a composite number?
True
Is ((-2)/8 - (-2)/(-8))/(825/(-517015950)) prime?
True
Let s(l) = 3*l + 11 + 2 - l + 35*l**2. Let w be (-1*2/(-8)*-4)/(4/24). Is s(w) a composite number?
True
Suppose -131*j = -64*j - 54*j - 5206955. Is j prime?
False
Let l(m) = 3*m - 6 + 0*m + 467*m**2 + 3*m. Let o(f) = -208*f + 417. Let y be o(2). Is l(y) a composite number?
False
Let j(b) be the third derivative of b**5/60 - b**4/8 - 4*b**3/3 + 13*b**2. Let l be j(5). Suppose l*s = i - 411, s + 415 = 2*i - i. Is i a composite number?
False
Let r(x) = 9*x**3 - 51*x**2 - 95*x - 63. Let l(i) = -5*i**3 + 26*i**2 + 47*i + 31. Let f(c) = 7*l(c) + 4*r(c). Is f(25) a composite number?
True
Let i be (-7)/(-3) - 512/(-48). Suppose 6*l = i*l - 18123. Is l composite?
True
Let s = 159 - 113. Let q = s - 37. Suppose 0 = -3*v + q*v - 24498. Is v a composite number?
True
Suppose -109170 = -0*o + 3*o - 3*m, 0 = o + 2*m + 36405. Is (-2 - o)/7 - 2 composite?
False
Suppose -3 = 3*h - 4*n - 2, -3*n = -4*h + 8. Suppose t - 464 = -f, 2*t = -8*f + h*f + 926. Suppose -t = -2*g + 512. Is g a prime number?
False
Suppose 11*u - 17*u - 42 = 0. Is (-1086382)/(-266) - (-8)/u a composite number?
True
Let z be -3*(8 + 1)/(-3). Suppose 60725 = z*l + 9722. Is l prime?
False
Suppose -2*n - 2*u = -20110, -u + 30169 = 3*n + u. Let i = n - 2852. Is i composite?
False
Let z = 75 + -1530. Let w = 2768 + z. Is w a prime number?
False
Let n(w) = -w**3 - 104*w**2 + 214*w + 433. Is n(-116) composite?
True
Suppose 4*f + 3*g - 32 = g, 3*f + g - 26 = 0. Let p be 0*(f/(-40))/(1/2). Suppose 0 = -2*x - y + 1851, 943 = x - p*x + 4*y. Is x composite?
True
Suppose -1295569 = -17*h + 1277058. Is h a composite number?
True
Suppose 2*u - 21 + 17 = 0. Suppose -3*n = u*y - 18442, -27669 = -3*y + 13*n - 16*n. Is y a composite number?
False
Let l(t) = 5819*t + 123. Is l(4) a prime number?
True
Let i = -42957 - -152146. Is i composite?
True
Suppose 3*f + 11 = -2*s + 20, 4*s - 4*f + 32 = 0. Let b(u) = -116*u**3 + 6*u**2 + 12*u - 1. Is b(s) composite?
True
Suppose -8 = -2*j + 12. Let a be 2*j/15*165. Let i = a + -65. Is i composite?
True
Let y = 185 + -183. Suppose -y*q - 261 = -3*t, -q + 3*q = t - 83. Is t composite?
False
Let d be (1/(-3))/((-5)/1140). Let t = 148 - d. Suppose 275 = s + t. Is s a composite number?
True
Suppose -86*c + 85*c - 2*q = -18041, -3*q = c - 18041. Is c composite?
False
Let c(d) = -d**2 + 8*d - 10. Let q be c(5). Suppose -q*m - 9070 = -2*n, -16563 = -5*n - 5*m + 6112. Is n composite?
True
Suppose -9*m = -5*m - 8. Suppose -w - m*g = w + 950, 3*g = 2*w + 965. Let l = w - -1113. Is l a composite number?
True
Let z(x) be the first derivative of 3*x**4/2 - 8*x**3/3 + 7*x**2/2 - 22*x - 147. Is z(7) a prime number?
True
Let i = 26392 + 246610. Suppose -89416 + i = 26*y. Is y composite?
True
Suppose 0 = -64*o + 43*o + 1386. Suppose -15 - 6 = -3*l. Suppose -l*t + 4*t = -o. Is t composite?
True
Suppose -18134594 - 951470 = -16*y. Is y prime?
True
Let p = 1033 + -1732. Let a = 1447 + p. Let l = -227 + a. Is l a prime number?
True
Suppose 2*c = 5*a - 571155, 3*c = -3*a + 170991 + 171681. Is a composite?
False
Let m be (-66)/(-4)*-4*(-2)/3. Suppose -m = 5*b + 3*r, 0 = -2*r - 3*r + 10. Let x(k) = 3*k**2 - 7*k + 3. Is x(b) a prime number?
True
Suppose 4*c - 4*p - 45 + 9 = 0, 4*p = -20. Suppose -3*z = 3*m - 2991, m + 2*m + c*z - 2995 = 0. Is m a prime number?
False
Suppose -3*u + 5 = -5*g, 3*u - 6*g = -2*g + 4. Suppose -2*d + 0 - 2 = u, 0 = 3*h + d - 20858. Is h prime?
False
Suppose -18*u = -56 - 88. Suppose 5*g - 11*b + u*b = 25499, -3*g = 5*b - 15279. Is g composite?
True
Is (45 - -221091) + -9 + 0 composite?
True
Suppose 0 = -33*o + 38*o + 50. Let z = -1 - o. Suppose 14*h - 1265 = z*h. Is h a composite number?
True
Is (-6)/27 + 61/(-9) - 2579112/(-113) a composite number?
False
Let w be ((-162)/135)/((-36)/(-15) + -2). Is (-242085)/(-12) + 18/8 + w a prime number?
True
Suppose -5*h + 975803 = -4*n, 25*h = 23*h - 3*n + 390312. Is h a prime number?
False
Let d(z) be the third derivative of z**8/10080 + z**7/1260 + 7*z**6/360 + 7*z**5/30 + 7*z**2. Let c(k) be the third derivative of d(k). Is c(-6) prime?
False
Suppose -2 = -9*f + 8*f. Suppose -28905 = -5*d + l, 11562 = f*d - 3*l + l. Is 0 + d + (6 - 8) a compo